-b**3 + 43*b**2 - 63*b + 153. What are the prime factors of h(28)?
3, 17, 199
List the prime factors of 351/6*(4242/9)/7.
3, 13, 101
Let o(l) = 17*l**2 + 11*l - 14. Let q = 40 + -46. Let m(n) = -8*n**2 - 6*n + 7. Let r(p) = q*o(p) - 13*m(p). List the prime factors of r(-9).
47
Let d be (-124)/16 + 8 + 15/4. Suppose -1006 = -d*g + 790. What are the prime factors of g?
449
Suppose 73950 = 2*c + 3*c. What are the prime factors of (-9)/((-702)/12) + c/26?
569
List the prime factors of 114/171*8199/6.
911
Let d = -36151 + 81328. What are the prime factors of d?
3, 11, 37
Let q = -12 - -43. Suppose -36*x + q*x - 20 = 0. What are the prime factors of 1*1/(1/(-564)*x)?
3, 47
Suppose 3*m - 10982 - 1182 = v, 2*v - 12149 = -3*m. List the prime factors of m.
3, 7, 193
Let d(x) = 8*x + 2. Let l be d(0). Let y(v) = 36*v**3 - 4*v**2 + 5*v - 5. Let m be y(l). Suppose -m = -4*s + 39. What are the prime factors of s?
79
Let d(t) = -4*t**2 + 61*t + 23. Let l(p) = p**2 - 31*p - 12. Let f(i) = -6*d(i) - 11*l(i). List the prime factors of f(5).
2, 97
Suppose 2 = -2*g + 16. Suppose -4*m + g + 9 = 0. Suppose 3*l = 6, 219 = 2*j - m*l - 3. What are the prime factors of j?
5, 23
Let v be -2*8/(-16) + -3. What are the prime factors of (5631/(-14) - 54/189)*v?
5, 7, 23
Suppose -3*g + 4*y - 5*y = -269, 0 = 4*g - 3*y - 363. Suppose 9*u = -9*u - g. List the prime factors of 74 - (u + 10 + -1).
2, 5, 7
Suppose 4*r = q - 4018, 2*q = -2*r + 5*r + 8021. What are the prime factors of q?
2, 2003
Suppose 74*t = 75*t + 5*v - 7273, -3*t - v = -21903. What are the prime factors of t?
67, 109
Let f be (5 - 11) + -4 + -360. List the prime factors of (-43 - 1)*f/40.
11, 37
Let z be 20/((-1 + 2)/(-26)). What are the prime factors of -4 + z/4*-3?
2, 193
Let v = 587 + -15. Let x = v + -185. List the prime factors of x.
3, 43
Let o be 16/6*-3 - (-6 - -3). What are the prime factors of (-677 - o)/(-4) + 2?
2, 5, 17
Let j be (-7 - -8) + (-165 - 0/(-1)). Let o = -133 - j. What are the prime factors of o?
31
Suppose 2*l - 43213 = -5*r, -16*r = -15*r + 2*l - 8649. What are the prime factors of r?
8641
List the prime factors of (-8 - -1)*1653124/(-308).
37571
Suppose 0 = 10*t + 2652 - 7562. List the prime factors of t.
491
Suppose -9*t - 243 = -2466. Suppose 240*b = t*b - 2324. What are the prime factors of b?
2, 83
Suppose 6*d - 27*d + 672 = 0. List the prime factors of (-700)/(-3)*48/d.
2, 5, 7
Let q(h) = 38*h + 9. Let y be q(2). Let s = y - -32. What are the prime factors of s?
3, 13
Suppose 0 = -9*d + 14*d + 1060. Let b = -183 - d. What are the prime factors of b?
29
Suppose -2*c + 6*c + 3*k = -19, 0 = 5*c - 5*k + 15. Let b be -137 - (c + (5 - 2)). What are the prime factors of (-3)/((-538)/b + -4)?
2, 17
Suppose 2*a + 3*a + 41 = 4*b, -b - 2*a = 6. Suppose -3*f - 4*w = -5*f + 1542, 0 = w - b. Let o = f + -552. What are the prime factors of o?
227
Suppose 112*g - 29*g = 233313. What are the prime factors of g?
3, 937
Suppose 5*z - 107461 = -3*o + 201386, 0 = -z + 5*o + 61719. List the prime factors of z.
2, 3, 5147
Let c be (1/2)/((-8)/144). Let u be 18/c - (-7 + -1). Suppose 0*p - 492 = -u*p. What are the prime factors of p?
2, 41
Let x be (6/4)/(6/20). Let m be x/2*16/(-10). What are the prime factors of m/(-1) - (-3)/1?
7
Let w be 826 - (-7 + 1)/6. Let d = w + -437. List the prime factors of d.
2, 3, 5, 13
What are the prime factors of (24/21)/(65/330785)?
2, 727
Let l(h) = 4*h**2 - 2*h - 5. Let s be 1*-19*(-5 - 1 - -5). Suppose -3*a - 4*j = 24, 3*a = 4*a + 5*j + s. What are the prime factors of l(a)?
67
Let j(q) = 16*q**3 + 7*q**2 - 16*q + 13. What are the prime factors of j(7)?
2, 1433
Suppose -15*w = -12*w - g - 24990, 5*g + 41650 = 5*w. List the prime factors of w.
2, 5, 7, 17
Let y = -136981 + 211639. What are the prime factors of y?
2, 3, 23, 541
Let l = 21 + -20. What are the prime factors of l + (-1 - (-7 + -196))?
7, 29
Suppose 3*l = -13*z + 72652, 5*l - 5620 = -z + 10*l. What are the prime factors of z?
2, 5, 13, 43
Let d(q) = -10*q**2 - 21*q + 9. Let r be d(4). Let o = -227 - r. List the prime factors of o.
2
Let o be ((-28)/(-7) - -10) + (-10)/2. Suppose 5*n - 1175 = -5*k, -4*k = -o*k + 4*n + 1166. What are the prime factors of k?
2, 3, 13
Let l(a) be the second derivative of 37*a**3/6 - 3*a**2 + 6*a + 3. List the prime factors of l(5).
179
Let r = -1327 + 2690. Suppose -12*m - r + 13579 = 0. What are the prime factors of m?
2, 509
Let j(o) = o**3 + 12*o**2 + 19*o + 8. Let q = -61 - -51. Let f be j(q). Suppose -2*s - f = -150. What are the prime factors of s?
2, 3, 11
Let w(j) = -2*j + 12. Let n be w(0). Suppose 6*z = n*z - 12. What are the prime factors of z*4/((-32)/(-100))?
5
Suppose -2*x + 42710 = -3*t, -2*t - 620996 + 151000 = -22*x. What are the prime factors of x?
2, 7, 109
Let m = 73 + -73. Suppose -4*p = 5*h - 1954, m = h - 6*h + 4*p + 1946. Suppose -16*v + 14*v + h = 0. List the prime factors of v.
3, 5, 13
Let d be (14/(-4))/((-4)/8). Suppose -d*z - 3 = -4*z. List the prime factors of 2*(172/(-8) - z)*-3.
3, 41
Let b(a) = 56 - 22*a - 7*a**2 + 69 + a**3 - 142. List the prime factors of b(12).
439
Let i(n) be the first derivative of 0*n**2 + 1/3*n**3 - 11 + 13*n. List the prime factors of i(8).
7, 11
Let i be (-6)/27 - (2 + 620/(-36)). Suppose -4280 = 10*y - i*y. What are the prime factors of y?
2, 107
Suppose 7418 = 22*i - 11502. Let m = i + -29. What are the prime factors of m?
3, 277
What are the prime factors of 6/((-132)/(-379643))*4/2?
34513
Suppose 0*v - 568 = 4*f - 4*v, -5*v = -f - 158. List the prime factors of (0 + f/18)*-99.
3, 11, 23
Suppose 0 = 13*r + 22*r + 350318 - 850643. List the prime factors of r.
3, 5, 953
Let c = 198 - 475. List the prime factors of c/2*(-330)/55.
3, 277
Let s(v) be the first derivative of v**4/4 - 16*v**3/3 - 16*v**2 - 6*v - 39. What are the prime factors of s(18)?
2, 3, 11
Let p = -46 - -42. List the prime factors of (p + 1 - -505) + -13 + 9.
2, 3, 83
Let n(p) = -7*p**2 + 239*p - 23. What are the prime factors of n(19)?
11, 181
Let p = 2206 - 3680. Let u = -1027 - p. List the prime factors of u.
3, 149
What are the prime factors of ((-6931)/(-3))/((-4)/(-24))?
2, 29, 239
Let f be -5 + 1*(2 - 0). Let i = 210 - 215. What are the prime factors of f/(i/(960/9))?
2
Let t = 17522 + -11640. List the prime factors of t.
2, 17, 173
Let j(l) = -6*l + 6 - 3 - 7. Let q be j(-3). What are the prime factors of (-2)/q + 10602/126?
2, 3, 7
What are the prime factors of 71/(-994) - 83974/(-28)?
2999
Suppose -7*k = -5*q - 5*k + 14989, -q - k + 2995 = 0. List the prime factors of q.
3, 37
Suppose 4*t - t + 3 = 3*n, -t - n + 7 = 0. Suppose 193*o - 190*o + 5*u = 84, 120 = 4*o + 4*u. Suppose t*c + o = 261. What are the prime factors of c?
2, 19
Let d = -3693 - -8853. What are the prime factors of d?
2, 3, 5, 43
Suppose -46*w + 29*w - 106678 = -30*w. List the prime factors of w.
2, 11, 373
Let v = 405909 + -191436. What are the prime factors of (-2)/(-9) - v/(-189)?
5, 227
Suppose 4*x + 60 = -2*x. Let q be 8/x + (-133)/(-35). Suppose -11 - 40 = -3*z - q*r, 0 = -5*r. What are the prime factors of z?
17
Suppose 27*z + 22 - 76 = 0. Suppose 0*l + 2*l = -z*d + 3082, 3*d = 3*l - 4593. List the prime factors of l.
2, 3
Let s = 780 + -341. What are the prime factors of s - (4 + -3) - 3?
3, 5, 29
Let g be (58 - (1 - -1))/1. Let y = g - -155. Suppose -41 + y = 2*t. List the prime factors of t.
5, 17
Let a = -1269 + -1829. Let o = 4583 + a. List the prime factors of o.
3, 5, 11
Let h = -54673 - -82867. List the prime factors of h.
2, 3, 37, 127
Let a(l) = 11*l + 23. Let w be a(-22). Let t = 445 + w. List the prime factors of t.
2, 113
Suppose -6*p - 56 = -13*p. Suppose 0 = p*o - 6*o - 5*s, 4*s - 28 = -4*o. Suppose 0 = -o*b + 1406 - 471. What are the prime factors of b?
11, 17
What are the prime factors of (1/1)/(((-8)/(-16174))/4)?
8087
Let j be ((-5)/2 + 0)*156/(-195). Let x be 2 - (j/(-3) + 2450/(-6)). Let d = x + -274. List the prime factors of d.
137
Let g = 75 - 75. Suppose 9*v - 2628 + 297 = g. What are the prime factors of v?
7, 37
Suppose -4410 = 30*x - 332278 + 70738. List the prime factors of x.
3, 2857
Let g = 75 + -72. Suppose -2*q + 2*c = -408 - 1232, 2462 = g*q - 5*c. List the prime factors of q.
3, 7, 13
Let u(k) = 3486*k**2 - 247*k - 723. List 